37
Calculate the greatest common divisor of 228 and 2625.
3
What is the highest common divisor of 882 and 288?
18
What is the greatest common factor of 64 and 168208?
16
What is the highest common factor of 453 and 1029?
3
What is the highest common factor of 1680133 and 91?
91
Calculate the greatest common factor of 85 and 30906.
17
What is the highest common factor of 190895 and 730?
365
What is the highest common divisor of 11266 and 4454?
262
What is the greatest common divisor of 102 and 240295?
17
What is the greatest common factor of 16030 and 60410?
70
What is the highest common divisor of 34208 and 128?
32
Calculate the highest common divisor of 160 and 39335.
5
What is the greatest common factor of 14674 and 4928?
22
Calculate the greatest common divisor of 38663 and 316028.
1681
What is the highest common divisor of 240 and 1470?
30
Calculate the greatest common factor of 1593 and 459.
27
Calculate the greatest common divisor of 215 and 972359.
43
Calculate the highest common divisor of 447156 and 36.
36
Calculate the highest common factor of 24095 and 5.
5
Calculate the greatest common divisor of 3416 and 214354.
854
Calculate the highest common factor of 2627 and 32234.
71
What is the highest common divisor of 52956 and 36?
36
Calculate the greatest common divisor of 196 and 3584.
28
What is the highest common factor of 5 and 592720?
5
What is the highest common divisor of 5130 and 61218?
342
Calculate the greatest common factor of 252 and 51102.
18
What is the highest common divisor of 2760 and 4485?
345
Calculate the highest common factor of 229 and 5.
1
Calculate the greatest common divisor of 175 and 135.
5
Calculate the greatest common divisor of 84822 and 48.
6
What is the greatest common factor of 342 and 1876725?
171
Calculate the greatest common divisor of 5249 and 87.
29
What is the highest common factor of 1640 and 22550?
410
Calculate the highest common divisor of 3540 and 4140030.
1770
Calculate the greatest common factor of 1170 and 1010.
10
What is the highest common factor of 24308 and 1854?
206
What is the highest common divisor of 249 and 4531551?
249
Calculate the greatest common divisor of 6 and 1814.
2
Calculate the greatest common divisor of 301 and 280.
7
What is the highest common divisor of 240254 and 1048?
262
Calculate the greatest common factor of 1790 and 1130.
10
Calculate the highest common divisor of 99353 and 5402.
73
What is the highest common factor of 768 and 545856?
192
Calculate the greatest common factor of 13 and 16939.
13
Calculate the highest common factor of 457 and 5343244.
457
What is the highest common factor of 1543437 and 126?
63
What is the highest common factor of 30235 and 10?
5
What is the greatest common divisor of 4 and 1874456?
4
What is the greatest common divisor of 520 and 49140?
260
Calculate the greatest common divisor of 22 and 976.
2
Calculate the highest common divisor of 12265 and 220.
55
What is the greatest common factor of 3228 and 192?
12
What is the highest common divisor of 1403 and 700097?
1403
What is the highest common factor of 448 and 1092280?
56
What is the greatest common factor of 63780 and 24?
12
What is the highest common factor of 83 and 16450351?
83
What is the highest common factor of 16587 and 4171?
97
What is the greatest common divisor of 63 and 125325?
9
Calculate the highest common factor of 846 and 5625.
9
Calculate the greatest common factor of 58 and 86159.
29
What is the greatest common factor of 80992 and 2144?
32
Calculate the greatest common factor of 1833 and 110168.
47
Calculate the highest common divisor of 660 and 2303070.
330
What is the greatest common factor of 9518 and 6?
2
What is the greatest common divisor of 1525 and 1475?
25
What is the highest common factor of 264 and 323268?
132
What is the highest common factor of 15000 and 32750?
250
What is the highest common factor of 22 and 948145?
11
What is the greatest common divisor of 311 and 99209?
311
What is the highest common divisor of 1572599 and 31?
31
Calculate the greatest common divisor of 9 and 4325283.
9
What is the highest common divisor of 504 and 45?
9
What is the highest common factor of 375872 and 8064?
448
What is the greatest common factor of 1596 and 763?
7
Calculate the greatest common factor of 229340 and 20.
20
What is the greatest common factor of 917 and 5887?
7
Calculate the greatest common factor of 8 and 7318.
2
What is the highest common divisor of 597556 and 732?
244
What is the highest common factor of 3324 and 480?
12
What is the greatest common factor of 231 and 560?
7
Calculate the highest common factor of 46999 and 129.
43
Calculate the greatest common divisor of 1404 and 267930.
234
What is the highest common factor of 1290 and 281607?
129
What is the greatest common factor of 44 and 27478?
22
Calculate the highest common divisor of 8 and 192838.
2
Calculate the greatest common divisor of 1796 and 512.
4
Calculate the greatest common factor of 5296 and 23501.
331
What is the highest common factor of 55318 and 1462?
34
What is the greatest common divisor of 560 and 8120?
280
What is the highest common divisor of 81 and 5481?
27
What is the greatest common divisor of 235520 and 1480?
40
What is the highest common divisor of 263847 and 111?
111
Calculate the greatest common divisor of 864 and 3267.
27
Calculate the greatest common factor of 633 and 909199.
211
What is the greatest common factor of 270 and 209682?
54
What is the highest common factor of 984 and 39?
3
Calculate the greatest common factor of 2488 and 1616.
8
What is the greatest common factor of 393066 and 1044?
522
Calculate the greatest common divisor of 704 and 138402.
22
What is the greatest common divisor of 117 and 4545?
9
Calculate the highest common divisor of 569874 and 51.
51
What is the highest common factor of 2346 and 3473?
23
Calculate the greatest common factor of 306 and 58.
2
What is the highest common factor of 351 and 519?
3
What is the greatest common divisor of 1441 and 1072497?
131
Calculate the highest common divisor of 3736 and 7939.
467
What is the greatest common factor of 100 and 115920?
20
What is the highest common divisor of 3270 and 1616470?
1090
Calculate the highest common factor of 8525 and 2475.
275
Calculate the highest common factor of 602 and 6132.
14
Calculate the highest common factor of 4350 and 16878.
174
Calculate the greatest common factor of 116 and 218312.
116
What is the highest common factor of 216 and 41724?
36
What is the greatest common factor of 112608 and 3680?
736
Calculate the highest common factor of 1421199 and 351.
351
Calculate the greatest common divisor of 145837 and 41.
41
What is the greatest common divisor of 77 and 43505?
77
Calculate the highest common factor of 13 and 326183.
13
Calculate the greatest common factor of 107796 and 1092.
156
Calculate the greatest common divisor of 38705 and 205.
5
Calculate the highest common factor of 145365 and 22.
11
What is the highest common divisor of 394037 and 311?
311
What is the greatest common factor of 3120 and 740415?
195
Calculate the highest common factor of 23 and 1308424.
23
Calculate the greatest common divisor of 570680 and 330.
110
What is the greatest common divisor of 1944 and 438?
6
What is the greatest common factor of 434 and 6973946?
434
Calculate the highest common divisor of 280 and 1461992.
56
What is the greatest common divisor of 260 and 16328?
52
Calculate the greatest common divisor of 60 and 6326940.
60
What is the highest common divisor of 269 and 73?
1
What is the highest common divisor of 3525 and 36237?
141
Calculate the greatest common divisor of 105420 and 6720.
420
What is the highest common divisor of 43380 and 280?
20
What is the highest common factor of 4050 and 319650?
150
What is the highest common factor of 3 and 259847?
1
What is the greatest common factor of 47306 and 21?
7
What is the greatest common divisor of 299370 and 34?
34
What is the highest common factor of 1750 and 854875?
875
What is the highest common factor of 17331 and 689?
53
What is the highest common divisor of 1360993 and 3063?
1021
What is the greatest common factor of 185 and 508565?
185
Calculate the highest common divisor of 2600 and 125320.
520
Calculate the gr